ime number?
False
Is 14830817231 a prime number?
False
Is 47308019219 a prime number?
False
Is 1550727287 a prime number?
True
Is 26617966051 prime?
False
Is 2079669 a prime number?
False
Is 18779812069 composite?
False
Is 16596809018 composite?
True
Is 11135563423 prime?
True
Is 124200783673 a composite number?
False
Is 98002509079 composite?
True
Is 2615681089 prime?
False
Is 306548030879 prime?
False
Is 14100589 prime?
False
Is 6951195649 composite?
True
Is 1042277521 prime?
True
Is 28132278103 prime?
False
Is 137703919 a composite number?
True
Is 4372928549 composite?
True
Is 6659273009 a prime number?
True
Is 65067209 a prime number?
True
Is 24030355 a composite number?
True
Is 4292242723 composite?
False
Is 991964497 a prime number?
True
Is 26786424877 composite?
False
Is 4858175807 composite?
True
Is 18633368087 composite?
False
Is 5313987187 prime?
False
Is 20533938493 a prime number?
False
Is 20806504751 composite?
False
Is 19529512609 prime?
True
Is 351655069 composite?
False
Is 320800089 composite?
True
Is 76487926993 composite?
False
Is 293551351 a composite number?
True
Is 700387691 prime?
False
Is 147376241 prime?
True
Is 32772300527 prime?
True
Is 4246916021 prime?
False
Is 2788311511 a composite number?
False
Is 6258551077 prime?
True
Is 405506947 composite?
True
Is 1946735785 a composite number?
True
Is 6937346287 a composite number?
True
Is 651353881 a composite number?
True
Is 7736643241 a composite number?
False
Is 1373678563 prime?
True
Is 6308924423 a prime number?
True
Is 2107064951 a prime number?
True
Is 4987722499 a composite number?
True
Is 39621083 a prime number?
True
Is 2195888489 a prime number?
False
Is 8874686189 a prime number?
True
Is 42229766219 a prime number?
True
Is 429932417 a prime number?
False
Is 285569629 composite?
False
Is 14784048451 composite?
False
Is 111753191809 a composite number?
True
Is 694004327 prime?
False
Is 3053122238 a composite number?
True
Is 18253863569 a prime number?
True
Is 3183158197 a prime number?
True
Is 24615627409 a composite number?
True
Is 787786621 a composite number?
True
Is 12678367521 a composite number?
True
Is 4245661571 a composite number?
False
Is 477678779 a composite number?
True
Is 7683934031 a composite number?
True
Is 34705843 a composite number?
True
Is 1132587553 a prime number?
True
Is 924155927 a composite number?
False
Is 51605932459 composite?
False
Is 2303254105 a composite number?
True
Is 5752704333 a composite number?
True
Is 593902277 prime?
True
Is 24397471055 prime?
False
Is 33361914263 prime?
True
Is 20210856527 a composite number?
True
Is 11309736967 composite?
False
Is 2803045197 a prime number?
False
Is 81906371249 composite?
False
Is 17109482399 composite?
False
Is 21631185365 prime?
False
Is 70306541 a prime number?
False
Is 1035948937 a composite number?
False
Is 4567905227 composite?
True
Is 10411263839 a prime number?
True
Is 1503803989 prime?
False
Is 105946177 a composite number?
True
Is 5348398117 prime?
False
Is 105881456141 a prime number?
False
Is 1463516729 a composite number?
False
Is 12008723509 a composite number?
False
Is 33262987 a composite number?
False
Is 43426529 composite?
False
Is 152432940349 composite?
False
Is 887339267 a prime number?
True
Is 2547234271 a composite number?
False
Is 130663957 prime?
False
Is 735336809 a prime number?
True
Is 10386584657 composite?
False
Is 60583150913 prime?
False
Is 308717989 a prime number?
False
Is 14552815859 a composite number?
False
Is 4930648909 composite?
False
Is 557043089 prime?
True
Is 236405629 a composite number?
True
Is 2388979627 a composite number?
False
Is 6412482547 a composite number?
True
Is 135305858533 a composite number?
True
Is 16163326409 a prime number?
True
Is 890789633 a prime number?
True
Is 12720953309 a prime number?
True
Is 10303930079 prime?
True
Is 14987789401 prime?
False
Is 482142679 a prime number?
True
Is 1203885593 a composite number?
False
Is 429114857 prime?
True
Is 21311861201 a composite number?
False
Is 1078822946 a composite number?
True
Is 78640433 a prime number?
True
Is 15007806487 a composite number?
True
Is 25907927 composite?
False
Is 783070229 composite?
False
Is 530744593 a prime number?
True
Is 5289040087 prime?
True
Is 11724540437 composite?
False
Is 1885052341 composite?
False
Is 2235899257 a composite number?
True
Is 5682446579 a prime number?
True
Is 5312548481 a composite number?
True
Is 12581681639 a prime number?
False
Is 873654323 a prime number?
False
Is 2824377937 prime?
True
Is 74763004301 prime?
False
Is 730612031 a composite number?
False
Is 40076122453 a composite number?
True
Is 124852832627 a prime number?
True
Is 924125479 composite?
False
Is 2367715073 a prime number?
True
Is 1338023989 a composite number?
False
Is 448318763 a prime number?
False
Is 84625817033 prime?
True
Is 17912512847 a prime number?
True
Is 88834679 a prime number?
True
Is 64458007 prime?
True
Is 17567546834 a composite number?
True
Is 2215975331 a prime number?
True
Is 2976865421 composite?
True
Is 257935573 a prime number?
False
Is 1674777809 prime?
True
Is 2763930011 composite?
False
Is 2869978757 a prime number?
False
Is 164788297 a composite number?
False
Is 7456403 a prime number?
False
Is 5419181983 a prime number?
True
Is 4299676753 a composite number?
False
Is 1620178243 a composite number?
True
Is 5135773837 a composite number?
True
Is 32666820155 composite?
True
Is 4075389161 composite?
True
Is 6811993807 a composite number?
False
Is 15807383791 a prime number?
True
Is 12586784681 a prime number?
True
Is 36531272807 a prime number?
False
Is 230997929 prime?
True
Is 96423709139 composite?
False
Is 8597836987 prime?
True
Is 6472400365 prime?
False
Is 2144018167 prime?
True
Is 1239190633 prime?
False
Is 516927121 a composite number?
False
Is 16159337611 a composite number?
False
Is 119476285273 a prime number?
True
Is 193716381649 a prime number?
False
Is 1368181069 a prime number?
False
Is 182460989 a composite number?
False
Is 22060975553 a prime number?
True
Is 6554323943 prime?
True
Is 980809771 a composite number?
True
Is 8228552323 a composite number?
False
Is 1518976463 a composite number?
False
Is 1321212691 a composite number?
True
Is 10833807643 composite?
True
Is 39459578761 composite?
False
Is 32409990653 prime?
True
Is 355730509 prime?
True
Is 50872475371 a composite number?
True
Is 345281653 prime?
True
Is 1678068233 a prime number?
True
Is 44020233863 composite?
False
Is 46373670449 a prime number?
True
Is 1016340113 composite?
False
Is 911621687 a composite number?
False
Is 4725261523 composite?
True
Is 49075376959 a prime number?
False
Is 543193291 composite?
True
Is 403175963 prime?
False
Is 122578814 a prime number?
False
Is 3007800347 composite?
True
Is 845606759 a prime number?
False
Is 109681503671 prime?
True
Is 474613309 composite?
True
Is 109081438 a prime number?
False
Is 299772751 a composite number?
False
Is 8454524007 prime?
False
Is 967184501 a prime number?
False
Is 162732790463 prime?
True
Is 5511632059 a prime number?
False
Is 15639329777 a composite number?
False
Is 154237152046 a prime number?
False
Is 318386393 composite?
True
Is 11635514941 composite?
True
Is 7319294387 prime?
True
Is 116727130817 a prime number?
False
Is 452475259 composite?
True
Is 4505349587 composite?
False
Is 1940098371 a prime number?
False
Is 60537567217 composite?
False
Is 5733062387 prime?
False
Is 524764771 a composite number?
False
Is 5885754857 composite?
False
Is 16712175923 a prime number?
False
Is 23417091391 a composite number?
False
Is 810251839 composite?
True
Is 408852797 prime?
True
Is 7685578493 a composite number?
False
Is 97657234691 a composite number?
True
Is 393293297 a prime number?
True
Is 1561207007 a composite number?
False
Is 2650991177 a composite number?
True
Is 339005413 composite?
True
Is 1004391013 composite?
True
Is 1908278618 a composite number?
True
Is 21264631 a prime number?
False
Is 368581243 a prime number?
False
Is 1853494471 a prime number?
False
Is 589725803 composite?
True
Is 2574139639 composite?
False
Is 2504924731 prime?
True
Is 3696846823 prime?
False
Is 565085533 prime?
False
Is 14073468613 composite?
False
Is 10047718363 composite?
True
Is 2619390667 composite?
False
Is 3195